 divided by 125.
124
What is the remainder when 7563 is divided by 85?
83
What is the remainder when 361 is divided by 120?
1
What is the remainder when 27 is divided by 3?
0
What is the remainder when 4394 is divided by 14?
12
What is the remainder when 4461 is divided by 263?
253
What is the remainder when 316 is divided by 53?
51
Calculate the remainder when 651 is divided by 41.
36
What is the remainder when 164 is divided by 32?
4
What is the remainder when 117 is divided by 17?
15
Calculate the remainder when 317 is divided by 20.
17
What is the remainder when 57 is divided by 15?
12
Calculate the remainder when 768 is divided by 55.
53
Calculate the remainder when 59 is divided by 34.
25
What is the remainder when 2966 is divided by 27?
23
Calculate the remainder when 83 is divided by 29.
25
What is the remainder when 5383 is divided by 15?
13
Calculate the remainder when 593 is divided by 9.
8
Calculate the remainder when 263 is divided by 54.
47
What is the remainder when 108 is divided by 30?
18
Calculate the remainder when 937 is divided by 153.
19
What is the remainder when 162 is divided by 151?
11
Calculate the remainder when 679 is divided by 124.
59
Calculate the remainder when 42 is divided by 24.
18
Calculate the remainder when 540 is divided by 245.
50
What is the remainder when 96 is divided by 7?
5
What is the remainder when 42 is divided by 21?
0
Calculate the remainder when 1049 is divided by 10.
9
Calculate the remainder when 3501 is divided by 17.
16
What is the remainder when 260 is divided by 18?
8
Calculate the remainder when 10402 is divided by 68.
66
What is the remainder when 33 is divided by 4?
1
Calculate the remainder when 296 is divided by 15.
11
Calculate the remainder when 538 is divided by 516.
22
What is the remainder when 696 is divided by 42?
24
Calculate the remainder when 1481 is divided by 125.
106
Calculate the remainder when 176 is divided by 23.
15
What is the remainder when 5727 is divided by 94?
87
What is the remainder when 128 is divided by 10?
8
Calculate the remainder when 3281 is divided by 3266.
15
Calculate the remainder when 474 is divided by 116.
10
What is the remainder when 295 is divided by 74?
73
Calculate the remainder when 743 is divided by 125.
118
Calculate the remainder when 3350 is divided by 86.
82
What is the remainder when 56 is divided by 41?
15
Calculate the remainder when 255 is divided by 33.
24
What is the remainder when 651 is divided by 64?
11
Calculate the remainder when 24452 is divided by 429.
428
Calculate the remainder when 10 is divided by 6.
4
Calculate the remainder when 712 is divided by 5.
2
Calculate the remainder when 253 is divided by 86.
81
Calculate the remainder when 208 is divided by 27.
19
Calculate the remainder when 594 is divided by 24.
18
What is the remainder when 524 is divided by 224?
76
What is the remainder when 642 is divided by 62?
22
What is the remainder when 192 is divided by 56?
24
Calculate the remainder when 1150 is divided by 9.
7
Calculate the remainder when 488 is divided by 125.
113
What is the remainder when 21289 is divided by 141?
139
Calculate the remainder when 1784 is divided by 74.
8
What is the remainder when 184 is divided by 26?
2
What is the remainder when 262 is divided by 72?
46
What is the remainder when 115 is divided by 67?
48
Calculate the remainder when 2297 is divided by 572.
9
Calculate the remainder when 588 is divided by 192.
12
Calculate the remainder when 478 is divided by 8.
6
What is the remainder when 12862 is divided by 201?
199
What is the remainder when 4181 is divided by 5?
1
What is the remainder when 47 is divided by 6?
5
What is the remainder when 28530 is divided by 14?
12
What is the remainder when 7371 is divided by 101?
99
Calculate the remainder when 190 is divided by 72.
46
What is the remainder when 32 is divided by 21?
11
What is the remainder when 128 is divided by 26?
24
Calculate the remainder when 11724 is divided by 335.
334
Calculate the remainder when 103 is divided by 37.
29
Calculate the remainder when 468 is divided by 67.
66
Calculate the remainder when 1549 is divided by 47.
45
What is the remainder when 39 is divided by 2?
1
What is the remainder when 526 is divided by 39?
19
What is the remainder when 10269 is divided by 2052?
9
What is the remainder when 225 is divided by 203?
22
Calculate the remainder when 37 is divided by 6.
1
Calculate the remainder when 593 is divided by 243.
107
What is the remainder when 914 is divided by 232?
218
Calculate the remainder when 239 is divided by 48.
47
What is the remainder when 1424 is divided by 143?
137
What is the remainder when 840 is divided by 47?
41
What is the remainder when 920 is divided by 325?
270
Calculate the remainder when 861 is divided by 177.
153
Calculate the remainder when 546 is divided by 25.
21
Calculate the remainder when 139 is divided by 19.
6
What is the remainder when 20539 is divided by 52?
51
What is the remainder when 130 is divided by 22?
20
What is the remainder when 116 is divided by 21?
11
Calculate the remainder when 797 is divided by 119.
83
Calculate the remainder when 605 is divided by 19.
16
What is the remainder when 49 is divided by 21?
7
Calculate the remainder when 1550 is divided by 92.
78
Calculate the remainder when 508 is divided by 215.
78
What is the remainder when 204 is divided by 72?
60
Calculate the remainder when 869 is divided by 409.
51
What is the remainder when 47 is divided by 20?
7
What is the remainder when 97 is divided by 32?
1
What is the remainder when 85 is divided by 23?
16
What is the remainder when 93 is divided by 27?
12
Calculate the remainder when 1261 is divided by 179.
8
Calculate the remainder when 327 is divided by 3.
0
Calculate the remainder when 177 is divided by 53.
18
Calculate the remainder when 8482 is divided by 43.
11
What is the remainder when 467 is divided by 114?
11
Calculate the remainder when 1049 is divided by 66.
59
What is the remainder when 461 is divided by 33?
32
What is the remainder when 674 is divided by 52?
50
Calculate the remainder when 4254 is divided by 185.
184
What is the remainder when 186 is divided by 100?
86
Calculate the remainder when 149 is divided by 8.
5
What is the remainder when 15 is divided by 8?
7
What is the remainder when 137 is divided by 30?
17
What is the remainder when 2087 is divided by 10?
7
What is the remainder when 1231 is divided by 88?
87
Calculate the remainder when 309 is divided by 54.
39
Calculate the remainder when 1349 is divided by 27.
26
Calculate the remainder when 159 is divided by 55.
49
What is the remainder when 272 is divided by 56?
48
Calculate the remainder when 869 is divided by 457.
412
Calculate the remainder when 172 is divided by 53.
13
What is the remainder when 763 is divided by 54?
7
Calculate the remainder when 2032 is divided by 9.
7
Calculate the remainder when 83 is divided by 42.
41
Calculate the remainder when 233 is divided by 193.
40
Calculate the remainder when 628 is divided by 128.
116
Calculate the remainder when 1022 is divided by 339.
5
What is the remainder when 275 is divided by 23?
22
Calculate the remainder when 33 is divided by 22.
11
Calculate the remainder when 2237 is divided by 80.
77
Calculate the remainder when 139 is divided by 61.
17
What is the remainder when 3332 is divided by 83?
12
What is the remainder when 60 is divided by 32?
28
What is the remainder when 463 is divided by 114?
7
Calculate the remainder when 130 is divided by 58.
14
What is the remainder when 635 is divided by 53?
52
Calculate the remainder when 685 is divided by 124.
65
Calculate the remainder when 107 is divided by 16.
11
What is the remainder when 529 is divided by 104?
9
What is the remainder when 345 is divided by 44?
37
What is the remainder when 12 is divided by 6?
0
Calculate the remainder when 29 is divided by 9.
2
What is the remainder when 1237 is divided by 42?
19
Calculate the remainder when 341 is divided by 97.
50
Calculate the remainder when 1380 is divided by 198.
192
What is the remainder when 535 is divided by 77?
73
What is the remainder when 435 is divided by 44?
39
What is the remainder when 148 is divided by 69?
10
What is the remainder when 99 is di